c*v(a) - 2*l(a). Let f(w) = w - 12. Let g be f(18). Calculate y(g).
0
Let f(s) be the third derivative of -1/3*s**3 + 8*s**2 + 0*s + 0 - 1/12*s**4. Suppose 4*x + 4*p = -0*p + 32, -4*x - 13 = -5*p. Calculate f(x).
-8
Let m(s) = s**2 + 3*s + 1. Suppose -63 = 51*i - 12. Determine m(i).
-1
Let o(x) = 2*x**3 - 37*x**2 + 52*x - 7. Let w be o(17). Let l(v) = v - 5. Give l(w).
5
Let j(d) = -d**2 - 8*d + 3. Let a = -19 + 11. Calculate j(a).
3
Let s(b) = b + 2. Let u = -123 - -127. Suppose 42 = -5*j - u*q, 39 = -4*j - j - 3*q. What is s(j)?
-4
Let h(z) = -z + 11. Let j be h(8). Let v(d) = -5*d - j + 14 - 6. Calculate v(4).
-15
Let y(h) be the third derivative of -h**6/120 - 2*h**5/15 - 3*h**4/8 + 4*h**2. Let a be (14 - -1)*(5 + 108/(-20)). Calculate y(a).
-18
Suppose 11*d = 29 + 4. Let m(y) = y**3 + d + 8 - 3*y**2 - 14 + 1 - 5*y. Let b = 4 - 0. Calculate m(b).
-6
Let i(x) = -x**2 - 7*x + 10. Let a(k) be the first derivative of 3*k**2/2 + 4*k - 26. Let w be a(-4). Determine i(w).
2
Let o(l) = l + 2. Suppose -13*g = -9*g - 32. Suppose -u = 4*v + 33, -3*u + g*u + 21 = -2*v. Calculate o(v).
-6
Suppose 2*g - 2*j = -18, -101*g + 99*g - 2*j - 6 = 0. Let q(m) = -4*m + 3. Determine q(g).
27
Let k = 16 - 20. Let b be 1 + -2 - -3*(-6 - k). Let n(q) = -q**3 - 8*q**2 - 8*q - 2. Determine n(b).
5
Let t(c) be the third derivative of 0*c - 1/120*c**6 + 1/10*c**5 + 7/6*c**3 + 1/8*c**4 + 0 - 7*c**2. Determine t(7).
-21
Let h(g) be the first derivative of -3*g**2 - 17 + 7/3*g**3 - 1/4*g**4 - 4*g. What is h(6)?
-4
Let x(k) = 3*k - k**2 - 3*k + 10 - 3*k - 3*k. Let n = -16 + 9. What is x(n)?
3
Let v(x) be the first derivative of 25 + 0*x**2 + 4*x + 4/3*x**3 - 1/4*x**4. Determine v(5).
-21
Let w be -4 + (0 - -14 - 3). Let s(u) = -w - 7*u - u**2 + 2 + 0*u**2. Let z be (-2)/7 + 26/(-7). Determine s(z).
7
Suppose 4*s + 3 = -1. Let u(d) = d - 1. Let b(t) = t - 1. Let l(p) = s*b(p) + 2*u(p). Let y(f) = -f - 1. Let w be y(-2). Determine l(w).
0
Suppose -l - 1 = -8. Let h(u) = -l*u + 67 - 3*u**2 - u + u**3 - 65 + 11*u**2. Give h(-9).
-7
Let w(o) = 3*o - 2*o**2 + 0*o**2 - 826 + 827. Calculate w(3).
-8
Let d(c) = -7*c**2 + 7*c + 6. Let s(u) = -u**3 + u**2. Let m(h) = d(h) + s(h). Suppose 2*q + 18 = -4*b, -4*q - 12 = -3*b + 13. Calculate m(q).
6
Let b(x) = -2*x**2 + 9*x - 1. Let u(w) = -3*w**2 + 14*w - 1. Let c(j) = 8*b(j) - 5*u(j). Let d be (-3 - (-20)/8) + (-9)/(-2). Give c(d).
-11
Let g(k) = -3*k**2 + 9*k + 6. Let w(h) = 14 - 2 - 5*h**2 + 13*h - 3. Let u(p) = -8*g(p) + 5*w(p). What is u(-5)?
7
Let u(s) = 6*s - 10 + 3 + 4 - s**2. Let z be u(4). Let a be z/20*(10 - -2). Let m(g) = -2*g**2 + 3*g - 1. What is m(a)?
-10
Let y(g) be the second derivative of -g**5/20 + g**2/2 - 13*g. Let h(x) = -2*x**3 - x**2 - x + 6. Let n(q) = h(q) - y(q). Determine n(0).
5
Let x(f) = f**2 + 4. Let h = -768 + 763. What is x(h)?
29
Suppose 5*i - 71 = -6. Suppose 3*k - 5*t - 9 = 0, 4*k = -2*t - 1 + i. Let m(a) = -4 - 5*a + a**2 + 7 - 3*a**2 - a**k + 7*a**2. Determine m(3).
6
Let b(p) = p**3 + 18*p**2 + 56*p. Let s be b(-14). Let z(f) = 2*f + 23. What is z(s)?
23
Let g(r) be the third derivative of -r**5/30 - 2*r**4/3 - 11*r**3/6 - 307*r**2. Calculate g(-7).
3
Let b(w) = 19*w + 6. Let t(y) = 533*y + 169. Suppose -4*h + 639 + 37 = 0. Let a(j) = h*b(j) - 6*t(j). Determine a(1).
13
Let i(g) = -3*g - 10. Let k be i(-4). Let o = k + -3. Let v(q) = 12*q. What is v(o)?
-12
Let f be 0 - 1*-1*2. Suppose 0*l + f*l = 2. Let r(k) = -15 - k + 31 + 2*k**2 - 4*k**3 - 16. Determine r(l).
-3
Let d(n) = n**3 - 11*n**2 + 11*n - 4. Let f(m) = -m**3 + 11*m**2 - 11*m + 4. Let k(q) = -4*d(q) - 5*f(q). Let v be k(10). Let a(t) = -t**2 + 7*t - 8. Give a(v).
-2
Let s be 3/2 + 6/4 + 7. Let m be s/20*-1*2. Let d(y) = -10*y**3 + y**2 - 1. Calculate d(m).
10
Suppose 3*j = 5*q - 25, 2*q = -0*q + 3*j + 19. Let n = -3 + q. Let z(y) = -23*y - 13. Let v(t) = 12*t + 7. Let k(s) = -11*v(s) - 6*z(s). Calculate k(n).
-5
Let s(m) = 4*m**3 - 6*m**2 + 2*m + 2. Let b(k) = k**3 - k**2 + k + 1. Let n(q) = 3*b(q) - s(q). Let f = 18 + -20. Let h = 1 - f. What is n(h)?
4
Suppose 0 = 3*g - 4*s + 18, -3*g - 6*s = -8*s + 18. Let o(x) = -x**3 - 4*x**2 + 14*x + 2. Calculate o(g).
-10
Let v(f) be the third derivative of f**4/24 + 7*f**3/3 + 2*f**2. Let a(g) = 2*g**3 - 17*g**2 - 217*g - 7. Let t be a(-7). Calculate v(t).
7
Suppose -2*v + 3*m + 5 = 2, 0 = -3*v + 3*m + 3. Suppose -u + 16 - 5 = v. Let r(p) = -3*p - 1 + 12*p - u*p - p**3 + 3*p**2. Give r(3).
-7
Suppose 0 = 4*k - 0*k. Suppose k = 3*h - 5 - 7. Let j(b) = -b**3 - b**2 - b + 1. Let z(i) = 2*i**3 + 6*i**2 + 8*i - 7. Let s(m) = 3*j(m) + z(m). Give s(h).
0
Let q(l) be the second derivative of -l**4/6 + 2*l**3/3 + 3*l**2/2 + 8*l. Let p(t) = -t**2 + 1. Let b(x) = -4*p(x) + q(x). What is b(-4)?
15
Let q(u) = -u**2 + 2*u. Let r = 365 - 360. Calculate q(r).
-15
Let f = 240 - 243. Let x(l) = 7*l + 1. Let q(a) = -6*a - 1. Let c(b) = -4*q(b) - 3*x(b). Calculate c(f).
-8
Let f(q) = -q**3 + 7*q**2 + 20*q - 13. Let d be f(9). Let k(s) = -s**2 + 11*s - s**3 - 2*s - d*s - 18 - 3*s. Determine k(0).
-18
Suppose 6*w = w + 30. Let b(i) = -6*i**2 + i + 8. Let t(g) = 7*g**2 - 2*g - 9. Let m(l) = w*b(l) + 5*t(l). Let j be 2/(-1) + 5 + -8. What is m(j)?
-2
Let i(o) = -o**3 + 11*o**2 - 7*o + 5. Let m be (-8 + 4)*5*1/(-4). Let c(v) = -v**3 + 12*v**2 - 7*v + 4. Let r(s) = m*i(s) - 4*c(s). Give r(6).
3
Let t be (-3)/((-18)/124) + 2/6. Let q = 18 - t. Let s(u) = 2*u - 4. Give s(q).
-10
Let f(o) = -o - o**2 + 2507 + 2*o**2 - 2516. Calculate f(4).
3
Let i = 87 - 82. Let a be (-17 + i)/4*-1. Let f(x) = x**2 - 3*x + 4. Determine f(a).
4
Let h(r) = r**2 + 13*r - 20. Suppose -4*v = o - 24, -3*v = -o + 2*o - 29. Suppose 0 = g - 0*g + 2*f + 8, 0 = 4*g + 4*f + o. Determine h(g).
-6
Let s(z) = -2*z - 8. Suppose -4*t = 5*n - 18, -29 = 5*t - 5*n - 74. What is s(t)?
-22
Let t = 728 + -727. Let r(g) = -4*g + 1 + 0 - 5*g. Determine r(t).
-8
Let j(x) = 2*x**2 - 6*x + 6. Let a be j(3). Let c(o) = o**3 - 8*o**2 + 11*o + 1. Let m be c(a). Let k(p) = -p + 2. Calculate k(m).
7
Let r(l) be the first derivative of -2*l**3/3 - 3*l**2/2 - 1. Suppose -3*c + 1 = -4*i - 9, -3*c + 2*i + 2 = 0. Give r(c).
-2
Let u = -5 + -4. Let d = 3 + u. Let z(q) = -1769*q + 1766*q - 9 + 11 - q**2. Determine z(d).
-16
Let n(z) = -z**3 + 4*z**2 + 3*z. Suppose k + 5*i - 8*i - 7 = 0, -9 = -3*k - 3*i. Calculate n(k).
12
Let t(x) = 54*x + 25. Let z(d) = -19*d - 9. Let r(k) = -6*t(k) - 17*z(k). What is r(9)?
-6
Let b(h) be the third derivative of h**6/120 + h**5/15 - 7*h**4/24 - h**3/2 - 2*h**2. Let g(x) = -4*x - 14. Let n be g(-5). Suppose t = -11 + n. Calculate b(t).
7
Let u = -60 - -67. Let j(t) = 4*t**2 + t - 11*t**3 + 3*t**2 + 10*t**3 - 2*t + 5. Calculate j(u).
-2
Let l(g) be the third derivative of -g**4/6 + g**3/2 - 46*g**2. Give l(1).
-1
Let h = 196 - 205. Let l(t) = t**3 + 9*t**2 - t - 7. Calculate l(h).
2
Let l(q) = -q**3 + q**2 + 2*q + 1. Let p = -44 + 46. Determine l(p).
1
Let i(t) be the first derivative of 4/3*t**3 + 1/2*t**2 + 0*t + 2. Determine i(1).
5
Let z(v) = -v**3 - 23*v**2 + 23*v - 22. Let b be z(-24). Let o(w) = -5*w - 1. Give o(b).
-11
Let l(b) = -b**3 - 13*b**2 - b - 18. Let a be 1/(3/2) - (-861)/(-63). Let f be l(a). Let v(d) = d**2 + 6*d + 7. Calculate v(f).
2
Let q(v) = -54*v - 3. Suppose 13 - 5 = -4*g. Let d be q(g). Let h(a) = -106*a + d*a + 6*a**3 - a**3 - 1. Calculate h(-1).
-5
Let c(k) = -1 - 4*k**2 - 16 + 3*k**2. Let l(s) = -s**3 + 3*s - 2. Let f be l(1). Calculate c(f).
-17
Let d(z) be the third derivative of 3*z**4/4 + z**3/6 + 201*z**2. Give d(-3).
-53
Let f = 6 + -4. Let y(m) = -3*m - 4*m + m - 3*m**2 - 5 + 2*m**f. What is y(-6)?
-5
Let d(p) be the first derivative of -p**7/840 + p**6/120 + p**5/40 + p**4/8 + p**3 + 3. Let q(j) be the third derivative of d(j). Determine q(4).
-1
Let y be -3*-3*4/(-18). Let c(j) = 7*j**3 - 10*j + 3. Suppose -18 = 5*p + 47. Let t(d) = 15*d**3 - 21*d + 7. Let z(h) = p*c(h) + 6*t(h). Give z(y).
3
Let k(q) = q**3 + 21*q**2 + 22*q + 37. Let p be k(-20). Let a(w) = -w**3 - 5*w**2 - 4*w + 1. What is a(p)?
-5
Let r(d) = 1 + 32*d + 27*d - 96*d + 34*d. Give r(3).
-8
Let b(u) = u**3 + 3*u**2 + 3*u. Let j be (-860)/(-25) - (-6)/10. Suppose -6*p + p = j. Let c = -9 - p. Determine b(c).
-2
Let j(b) = -3 - 3*b - b - 2. L